{"id":21,"date":"2026-02-21T15:52:43","date_gmt":"2026-02-21T18:52:43","guid":{"rendered":"https:\/\/cnlocacoesdemaquinas.com.br\/?page_id=21"},"modified":"2026-02-21T16:37:15","modified_gmt":"2026-02-21T19:37:15","slug":"quem-somos","status":"publish","type":"page","link":"https:\/\/cnlocacoesdemaquinas.com.br\/?page_id=21","title":{"rendered":"Quem somos"},"content":{"rendered":"\n<div class=\"wp-block-cover alignfull\" style=\"min-height:495px;aspect-ratio:unset;\"><span aria-hidden=\"true\" class=\"wp-block-cover__background has-nv-light-bg-background-color has-background-dim-100 has-background-dim\"><\/span><div class=\"wp-block-cover__inner-container is-layout-flow wp-block-cover-is-layout-flow\">\n<div class=\"wp-block-group\"><div class=\"wp-block-group__inner-container is-layout-flow wp-block-group-is-layout-flow\">\n<div class=\"wp-block-columns are-vertically-aligned-center has-neve-text-color-color has-text-color is-layout-flex wp-container-core-columns-is-layout-9d6595d7 wp-block-columns-is-layout-flex\">\n<div class=\"wp-block-column is-vertically-aligned-center is-layout-flow wp-block-column-is-layout-flow\" style=\"padding-right:var(--wp--preset--spacing--30);padding-left:var(--wp--preset--spacing--30);flex-basis:50%\">\n<figure class=\"wp-block-image size-large\"><img fetchpriority=\"high\" decoding=\"async\" width=\"1024\" height=\"682\" src=\"https:\/\/cnlocacoesdemaquinas.com.br\/wp-content\/uploads\/2026\/02\/bd2-1-1024x682.jpg\" alt=\"\" class=\"wp-image-42\" srcset=\"https:\/\/cnlocacoesdemaquinas.com.br\/wp-content\/uploads\/2026\/02\/bd2-1-1024x682.jpg 1024w, https:\/\/cnlocacoesdemaquinas.com.br\/wp-content\/uploads\/2026\/02\/bd2-1-300x200.jpg 300w, https:\/\/cnlocacoesdemaquinas.com.br\/wp-content\/uploads\/2026\/02\/bd2-1-768x512.jpg 768w, https:\/\/cnlocacoesdemaquinas.com.br\/wp-content\/uploads\/2026\/02\/bd2-1-1536x1023.jpg 1536w, https:\/\/cnlocacoesdemaquinas.com.br\/wp-content\/uploads\/2026\/02\/bd2-1-930x620.jpg 930w, https:\/\/cnlocacoesdemaquinas.com.br\/wp-content\/uploads\/2026\/02\/bd2-1.jpg 1600w\" sizes=\"(max-width: 1024px) 100vw, 1024px\" \/><\/figure>\n<\/div>\n\n\n\n<div class=\"wp-block-column is-vertically-aligned-center is-layout-flow wp-block-column-is-layout-flow\" style=\"padding-top:0;padding-right:var(--wp--preset--spacing--30);padding-bottom:0;padding-left:var(--wp--preset--spacing--30);flex-basis:50%\">\n<h2 class=\"wp-block-heading has-neve-text-color-color has-text-color\">A CN Loca\u00e7\u00f5es de M\u00e1quinas<\/h2>\n\n\n\n<p class=\"has-neve-text-color-color has-text-color\">surge da demanda por loca\u00e7\u00e3o de m\u00e1quinas para obras de engenharia e infraestrutura e o know-how dos s\u00f3cios fundadores no segmento para poder executar os servi\u00e7os com toda a qualidade necess\u00e1ria.<\/p>\n<\/div>\n<\/div>\n\n\n\n<div style=\"height:40px\" aria-hidden=\"true\" class=\"wp-block-spacer\"><\/div>\n<\/div><\/div>\n<\/div><\/div>\n\n\n\n<div class=\"wp-block-cover alignfull has-custom-content-position is-position-top-center\" style=\"min-height:100vh;aspect-ratio:unset;\"><span aria-hidden=\"true\" class=\"wp-block-cover__background has-nv-light-bg-background-color has-background-dim-100 has-background-dim\"><\/span><div class=\"wp-block-cover__inner-container is-layout-flow wp-block-cover-is-layout-flow\">\n<div class=\"wp-block-group\"><div class=\"wp-block-group__inner-container is-layout-flow wp-block-group-is-layout-flow\">\n<div class=\"wp-block-columns is-layout-flex wp-container-core-columns-is-layout-9d6595d7 wp-block-columns-is-layout-flex\">\n<div class=\"wp-block-column is-layout-flow wp-block-column-is-layout-flow\" style=\"flex-basis:20%\">\n<div class=\"wp-block-group is-vertical is-content-justification-center is-layout-flex wp-container-core-group-is-layout-4b2eccd6 wp-block-group-is-layout-flex\"><\/div>\n<\/div>\n\n\n\n<div class=\"wp-block-column is-layout-flow wp-block-column-is-layout-flow\" style=\"flex-basis:60%\">\n<div class=\"wp-block-group is-vertical is-content-justification-center is-layout-flex wp-container-core-group-is-layout-4b2eccd6 wp-block-group-is-layout-flex\">\n<h2 class=\"wp-block-heading has-text-align-center has-neve-text-color-color has-text-color has-link-color wp-elements-04a377a303dea46f483d9b25666d5daa\">Fundadores<\/h2>\n\n\n\n<p class=\"has-text-align-center has-neve-text-color-color has-text-color has-link-color wp-elements-95855a2fc8aac29ab8de3d294e39bdfe\"><\/p>\n<\/div>\n<\/div>\n\n\n\n<div class=\"wp-block-column is-layout-flow wp-block-column-is-layout-flow\" style=\"flex-basis:20%\">\n<div class=\"wp-block-group is-vertical is-content-justification-center is-layout-flex wp-container-core-group-is-layout-4b2eccd6 wp-block-group-is-layout-flex\"><\/div>\n<\/div>\n<\/div>\n\n\n\n<div class=\"wp-block-columns is-layout-flex wp-container-core-columns-is-layout-9d6595d7 wp-block-columns-is-layout-flex\">\n<div class=\"wp-block-column is-layout-flow wp-block-column-is-layout-flow\" style=\"padding-right:var(--wp--preset--spacing--30);padding-left:var(--wp--preset--spacing--30)\"><div class=\"wp-block-image is-style-default\">\n<figure class=\"aligncenter size-full is-resized has-custom-border\"><img decoding=\"async\" src=\"https:\/\/vninfra.com.br\/wp-content\/uploads\/2024\/08\/1672269039027-2.jpeg\" alt=\"\" class=\"wp-image-40\" style=\"border-radius:16px;width:345px;height:auto\"\/><\/figure>\n<\/div>\n\n\n<div style=\"height:24px\" aria-hidden=\"true\" class=\"wp-block-spacer\"><\/div>\n\n\n\n<h3 class=\"wp-block-heading has-text-align-center has-neve-text-color-color has-text-color\">Vagner Silva Nunes<\/h3>\n\n\n\n<p class=\"has-text-align-center has-neve-text-color-color has-text-color\">&#8211;  Formado em Engenharia Civil (UNIP)<br>&#8211; P\u00f3s Gradua\u00e7\u00e3o: &#8220;Planejamento T\u00e9cnico e Gest\u00e3o de Obras&#8221; (Mackenzie)<br>&#8211; P\u00f3s Gradua\u00e7\u00e3o: &#8220;Gerenciamento de Obras, Qualidade e Desempenho da Constru\u00e7\u00e3o&#8221; (Ipog)<br>&#8211; Mais de 10 anos no mercado de constru\u00e7\u00e3o civil<\/p>\n\n\n\n<div style=\"height:40px\" aria-hidden=\"true\" class=\"wp-block-spacer\"><\/div>\n<\/div>\n\n\n\n<div class=\"wp-block-column is-layout-flow wp-block-column-is-layout-flow\" style=\"padding-right:var(--wp--preset--spacing--30);padding-left:var(--wp--preset--spacing--30)\"><div class=\"wp-block-image is-style-default\">\n<figure class=\"aligncenter size-full is-resized has-custom-border\"><img decoding=\"async\" src=\"https:\/\/vninfra.com.br\/wp-content\/uploads\/2024\/08\/thiagovn4-1.jpg\" alt=\"\" class=\"wp-image-41\" style=\"border-radius:16px;width:345px;height:auto\"\/><\/figure>\n<\/div>\n\n\n<div style=\"height:24px\" aria-hidden=\"true\" class=\"wp-block-spacer\"><\/div>\n\n\n\n<h3 class=\"wp-block-heading has-text-align-center has-neve-text-color-color has-text-color\">Thiago Correia<\/h3>\n\n\n\n<p class=\"has-text-align-center has-neve-text-color-color has-text-color\">&#8211; Formado em Engenharia Civil (Moura Lacerda)<br>&#8211; P\u00f3s Gradua\u00e7\u00e3o: Especialista em Gest\u00e3o e Tecnologia na Constru\u00e7\u00e3o Civil (UFSCar)<br>&#8211; Mais de 15 anos no mercado de constru\u00e7\u00e3o civil<\/p>\n\n\n\n<div style=\"height:40px\" aria-hidden=\"true\" class=\"wp-block-spacer\"><\/div>\n<\/div>\n<\/div>\n<\/div><\/div>\n<\/div><\/div>\n","protected":false},"excerpt":{"rendered":"","protected":false},"author":1,"featured_media":0,"parent":0,"menu_order":0,"comment_status":"closed","ping_status":"closed","template":"","meta":{"neve_meta_sidebar":"","neve_meta_container":"","neve_meta_enable_content_width":"","neve_meta_content_width":0,"neve_meta_title_alignment":"","neve_meta_author_avatar":"","neve_post_elements_order":"","neve_meta_disable_header":"","neve_meta_disable_footer":"","neve_meta_disable_title":"","footnotes":""},"class_list":["post-21","page","type-page","status-publish","hentry"],"yoast_head":"<!-- This site is optimized with the Yoast SEO plugin v22.8 - https:\/\/yoast.com\/wordpress\/plugins\/seo\/ -->\n<title>Quem somos - CN Loca\u00e7\u00f5es de M\u00e1quinas<\/title>\n<meta name=\"robots\" content=\"index, follow, max-snippet:-1, max-image-preview:large, max-video-preview:-1\" \/>\n<link rel=\"canonical\" href=\"http:\/\/cnlocacoesdemaquinas.com.br\/?page_id=21\" \/>\n<meta property=\"og:locale\" content=\"en_US\" \/>\n<meta property=\"og:type\" content=\"article\" \/>\n<meta property=\"og:title\" content=\"Quem somos - CN Loca\u00e7\u00f5es de M\u00e1quinas\" \/>\n<meta property=\"og:url\" content=\"http:\/\/cnlocacoesdemaquinas.com.br\/?page_id=21\" \/>\n<meta property=\"og:site_name\" content=\"CN Loca\u00e7\u00f5es de M\u00e1quinas\" \/>\n<meta property=\"article:modified_time\" content=\"2026-02-21T19:37:15+00:00\" \/>\n<meta property=\"og:image\" content=\"https:\/\/cnlocacoesdemaquinas.com.br\/wp-content\/uploads\/2026\/02\/bd2-1-1024x682.jpg\" \/>\n<meta name=\"twitter:card\" content=\"summary_large_image\" \/>\n<meta name=\"twitter:label1\" content=\"Est. reading time\" \/>\n\t<meta name=\"twitter:data1\" content=\"2 minutes\" \/>\n<script type=\"application\/ld+json\" class=\"yoast-schema-graph\">{\"@context\":\"https:\/\/schema.org\",\"@graph\":[{\"@type\":\"WebPage\",\"@id\":\"http:\/\/cnlocacoesdemaquinas.com.br\/?page_id=21\",\"url\":\"http:\/\/cnlocacoesdemaquinas.com.br\/?page_id=21\",\"name\":\"Quem somos - CN Loca\u00e7\u00f5es de M\u00e1quinas\",\"isPartOf\":{\"@id\":\"https:\/\/cnlocacoesdemaquinas.com.br\/#website\"},\"primaryImageOfPage\":{\"@id\":\"http:\/\/cnlocacoesdemaquinas.com.br\/?page_id=21#primaryimage\"},\"image\":{\"@id\":\"http:\/\/cnlocacoesdemaquinas.com.br\/?page_id=21#primaryimage\"},\"thumbnailUrl\":\"https:\/\/cnlocacoesdemaquinas.com.br\/wp-content\/uploads\/2026\/02\/bd2-1-1024x682.jpg\",\"datePublished\":\"2026-02-21T18:52:43+00:00\",\"dateModified\":\"2026-02-21T19:37:15+00:00\",\"breadcrumb\":{\"@id\":\"http:\/\/cnlocacoesdemaquinas.com.br\/?page_id=21#breadcrumb\"},\"inLanguage\":\"en-US\",\"potentialAction\":[{\"@type\":\"ReadAction\",\"target\":[\"http:\/\/cnlocacoesdemaquinas.com.br\/?page_id=21\"]}]},{\"@type\":\"ImageObject\",\"inLanguage\":\"en-US\",\"@id\":\"http:\/\/cnlocacoesdemaquinas.com.br\/?page_id=21#primaryimage\",\"url\":\"https:\/\/cnlocacoesdemaquinas.com.br\/wp-content\/uploads\/2026\/02\/bd2-1.jpg\",\"contentUrl\":\"https:\/\/cnlocacoesdemaquinas.com.br\/wp-content\/uploads\/2026\/02\/bd2-1.jpg\",\"width\":1600,\"height\":1066},{\"@type\":\"BreadcrumbList\",\"@id\":\"http:\/\/cnlocacoesdemaquinas.com.br\/?page_id=21#breadcrumb\",\"itemListElement\":[{\"@type\":\"ListItem\",\"position\":1,\"name\":\"Home\",\"item\":\"https:\/\/cnlocacoesdemaquinas.com.br\/\"},{\"@type\":\"ListItem\",\"position\":2,\"name\":\"Quem somos\"}]},{\"@type\":\"WebSite\",\"@id\":\"https:\/\/cnlocacoesdemaquinas.com.br\/#website\",\"url\":\"https:\/\/cnlocacoesdemaquinas.com.br\/\",\"name\":\"CN Loca\u00e7\u00f5es de M\u00e1quinas\",\"description\":\"\",\"potentialAction\":[{\"@type\":\"SearchAction\",\"target\":{\"@type\":\"EntryPoint\",\"urlTemplate\":\"https:\/\/cnlocacoesdemaquinas.com.br\/?s={search_term_string}\"},\"query-input\":\"required name=search_term_string\"}],\"inLanguage\":\"en-US\"}]}<\/script>\n<!-- \/ Yoast SEO plugin. -->","yoast_head_json":{"title":"Quem somos - CN Loca\u00e7\u00f5es de M\u00e1quinas","robots":{"index":"index","follow":"follow","max-snippet":"max-snippet:-1","max-image-preview":"max-image-preview:large","max-video-preview":"max-video-preview:-1"},"canonical":"http:\/\/cnlocacoesdemaquinas.com.br\/?page_id=21","og_locale":"en_US","og_type":"article","og_title":"Quem somos - CN Loca\u00e7\u00f5es de M\u00e1quinas","og_url":"http:\/\/cnlocacoesdemaquinas.com.br\/?page_id=21","og_site_name":"CN Loca\u00e7\u00f5es de M\u00e1quinas","article_modified_time":"2026-02-21T19:37:15+00:00","og_image":[{"url":"https:\/\/cnlocacoesdemaquinas.com.br\/wp-content\/uploads\/2026\/02\/bd2-1-1024x682.jpg"}],"twitter_card":"summary_large_image","twitter_misc":{"Est. reading time":"2 minutes"},"schema":{"@context":"https:\/\/schema.org","@graph":[{"@type":"WebPage","@id":"http:\/\/cnlocacoesdemaquinas.com.br\/?page_id=21","url":"http:\/\/cnlocacoesdemaquinas.com.br\/?page_id=21","name":"Quem somos - CN Loca\u00e7\u00f5es de M\u00e1quinas","isPartOf":{"@id":"https:\/\/cnlocacoesdemaquinas.com.br\/#website"},"primaryImageOfPage":{"@id":"http:\/\/cnlocacoesdemaquinas.com.br\/?page_id=21#primaryimage"},"image":{"@id":"http:\/\/cnlocacoesdemaquinas.com.br\/?page_id=21#primaryimage"},"thumbnailUrl":"https:\/\/cnlocacoesdemaquinas.com.br\/wp-content\/uploads\/2026\/02\/bd2-1-1024x682.jpg","datePublished":"2026-02-21T18:52:43+00:00","dateModified":"2026-02-21T19:37:15+00:00","breadcrumb":{"@id":"http:\/\/cnlocacoesdemaquinas.com.br\/?page_id=21#breadcrumb"},"inLanguage":"en-US","potentialAction":[{"@type":"ReadAction","target":["http:\/\/cnlocacoesdemaquinas.com.br\/?page_id=21"]}]},{"@type":"ImageObject","inLanguage":"en-US","@id":"http:\/\/cnlocacoesdemaquinas.com.br\/?page_id=21#primaryimage","url":"https:\/\/cnlocacoesdemaquinas.com.br\/wp-content\/uploads\/2026\/02\/bd2-1.jpg","contentUrl":"https:\/\/cnlocacoesdemaquinas.com.br\/wp-content\/uploads\/2026\/02\/bd2-1.jpg","width":1600,"height":1066},{"@type":"BreadcrumbList","@id":"http:\/\/cnlocacoesdemaquinas.com.br\/?page_id=21#breadcrumb","itemListElement":[{"@type":"ListItem","position":1,"name":"Home","item":"https:\/\/cnlocacoesdemaquinas.com.br\/"},{"@type":"ListItem","position":2,"name":"Quem somos"}]},{"@type":"WebSite","@id":"https:\/\/cnlocacoesdemaquinas.com.br\/#website","url":"https:\/\/cnlocacoesdemaquinas.com.br\/","name":"CN Loca\u00e7\u00f5es de M\u00e1quinas","description":"","potentialAction":[{"@type":"SearchAction","target":{"@type":"EntryPoint","urlTemplate":"https:\/\/cnlocacoesdemaquinas.com.br\/?s={search_term_string}"},"query-input":"required name=search_term_string"}],"inLanguage":"en-US"}]}},"_links":{"self":[{"href":"https:\/\/cnlocacoesdemaquinas.com.br\/index.php?rest_route=\/wp\/v2\/pages\/21","targetHints":{"allow":["GET"]}}],"collection":[{"href":"https:\/\/cnlocacoesdemaquinas.com.br\/index.php?rest_route=\/wp\/v2\/pages"}],"about":[{"href":"https:\/\/cnlocacoesdemaquinas.com.br\/index.php?rest_route=\/wp\/v2\/types\/page"}],"author":[{"embeddable":true,"href":"https:\/\/cnlocacoesdemaquinas.com.br\/index.php?rest_route=\/wp\/v2\/users\/1"}],"replies":[{"embeddable":true,"href":"https:\/\/cnlocacoesdemaquinas.com.br\/index.php?rest_route=%2Fwp%2Fv2%2Fcomments&post=21"}],"version-history":[{"count":3,"href":"https:\/\/cnlocacoesdemaquinas.com.br\/index.php?rest_route=\/wp\/v2\/pages\/21\/revisions"}],"predecessor-version":[{"id":43,"href":"https:\/\/cnlocacoesdemaquinas.com.br\/index.php?rest_route=\/wp\/v2\/pages\/21\/revisions\/43"}],"wp:attachment":[{"href":"https:\/\/cnlocacoesdemaquinas.com.br\/index.php?rest_route=%2Fwp%2Fv2%2Fmedia&parent=21"}],"curies":[{"name":"wp","href":"https:\/\/api.w.org\/{rel}","templated":true}]}}